 6*h**3 - 64*h**2 - 15*h + 124. Calculate the remainder when 1620 is divided by f(11).
12
Suppose p - 3*l - 69 = 0, -2*p - 2*l = -4*l - 130. Let o = -77 + 79. Calculate the remainder when p is divided by 2 - (-18 + (o - (-3 - -3))).
9
Let b = 32 + -4. What is the remainder when b is divided by 21/210 + (6 - (-894)/(-60))*-1?
1
Let q = -2 - -11. Suppose 0 = l + 31 - 33. Suppose -f + 17 = -l*w, -f + w + 96 = 3*f. Calculate the remainder when f is divided by q.
7
Suppose -a - 1 = 2*d, 5*d - 2*d = 3*a - 6. Suppose 2*z - 5 - a = 0. Suppose -4*i = 0, 0 = -o + z*i - i + 18. What is the remainder when 27 is divided by o?
9
What is the remainder when 511 is divided by 134 + (7 - (-112)/(-8))?
3
Suppose -2*v - 1 + 2 = 3*r, 2 = -4*r - v. Calculate the remainder when 16/24 + r + (-334)/(-3) is divided by 51.
9
Let y = -1983 - -2369. Let k = -96 + 139. What is the remainder when y is divided by k?
42
What is the remainder when -486 - -470 - (-1 - 5192) is divided by 24?
17
Suppose 2*t = 5*u + 29611, -75*t + 3*u + 44412 = -72*t. What is the remainder when t is divided by 47?
45
Suppose -3*f + 10 = -14. Let r be 7/28 + (-98)/f. Let c(k) = k**3 + 12*k**2 + 8. What is the remainder when c(r) is divided by 3?
2
Let m be (-6)/((-2)/(-5)*1/(-5)). Let h(p) = -p**2 - 9*p - 2. Calculate the remainder when 12085/m + (-2)/15 is divided by h(-5).
17
Suppose -b = b - 10. Suppose -5*j + 2*n = -67, -2*j + b*n - 2 = -12. Suppose -44 = -9*v + 172. What is the remainder when v is divided by j?
9
Suppose -9*s + 17 + 1 = 0. Let g = 43 + s. Let t = -703 - -837. What is the remainder when t is divided by g?
44
Calculate the remainder when 1327 is divided by (-90)/105*(-249)/(-9)*-7.
165
Let u = 56 + -34. Suppose 43 = 2*b + 3*i, -3*b + 5*i = i - u. What is the remainder when 18 is divided by b?
4
What is the remainder when ((-160)/(-6))/(-3 - (-95)/30) is divided by 129?
31
Let i = -97 - -102. Suppose 0 = -y + 3*o - i + 14, -5*o + 41 = 3*y. Calculate the remainder when 20 is divided by y.
8
Suppose 5*y + 35 - 45 = 0, 2*m = -5*y + 154. Calculate the remainder when 641 is divided by m.
65
Suppose 10*q = 15*q - 625. Calculate the remainder when q is divided by 50.
25
Suppose -84*l = -83*l - 40. Suppose -l = 229*k - 233*k. What is the remainder when -2 - (4/2 + -42) is divided by k?
8
Let k be (1 + 0)*(4 + -7 + 182). Let l = 254 - k. Suppose -v = b - 34, l = 2*v + 2*b - 7*b. Calculate the remainder when 173 is divided by v.
33
Let d(r) = r**3 + 23*r**2 - 51*r - 21. Let t be d(-25). Calculate the remainder when 67 is divided by (-3 - -6) + 14 - t.
2
What is the remainder when 278 is divided by (-67)/2*(-12)/18*6?
10
Let n(y) = -y**2 - 18*y + 1. Suppose -2*p - 11 - 39 = -4*l, 0 = 4*p + l + 55. Calculate the remainder when n(p) is divided by 25.
21
What is the remainder when 13/(104/24564)*(1 - -1) is divided by 96?
93
Let l(z) = -z**3 - 14*z**2 + 25*z - 62. Calculate the remainder when 167 is divided by l(-16).
17
Suppose -6427 = -2*u - 5*y, 311*y - 307*y = -5*u + 16059. Calculate the remainder when u is divided by 87.
79
Suppose -2*i - 5*j + 2015 = 0, 2005 = 2*i - j + 4*j. What is the remainder when i is divided by 46?
29
What is the remainder when (-10028)/(-9) - 9/(-486)*-12 is divided by 40?
34
Suppose -61716 = 182*m - 626*m. Calculate the remainder when 5556 is divided by m.
135
Suppose 3*t - 2*t = 30. Calculate the remainder when (5/(-30))/(3/(-2034)) is divided by t.
23
Let x(t) = t**2 + 23*t - 632. Calculate the remainder when x(26) is divided by 146.
58
Suppose -5*r + 265 = 5. Let w = -41 + 44. What is the remainder when r is divided by 5*(48/(-9))/(-4)*w?
12
Suppose 1442*d + 5382 = 1455*d. What is the remainder when d is divided by 104?
102
Let t = -11917 + 11925. Calculate the remainder when 410 is divided by t.
2
Let o = -143 + 238. Calculate the remainder when o is divided by (-60)/(-40) - (99/(-2) - (-1 - 0)).
45
Calculate the remainder when 514 is divided by (-930)/(-837) - (-674)/9.
58
Let h(l) = -8*l + 156. Let w be h(0). What is the remainder when 133 is divided by 12/(-20) + w/10?
13
Let f(s) = s - 8. Let v be f(13). Suppose 0*l - 8*l = -v*l. Suppose 5*i - 12 = -3*t + 24, i - 4*t - 21 = l. Calculate the remainder when i is divided by 5.
4
Suppose 0 = d + 5*b - 398, -5*b + 628 - 2468 = -5*d. Calculate the remainder when d is divided by 22.
21
Let j be (0 + 22)*(-3)/6 + -4. Let c(b) = -2*b**2 - 29*b + 26. What is the remainder when c(j) is divided by 11?
0
Suppose t + 0*t = 3*k + 115, 0 = -5*t - k + 559. Let c = 358 - -71. Suppose 7*m = -4*m + c. What is the remainder when t is divided by m?
34
Suppose 4*m - 756 = -4*x, -5*m + x + 3*x + 945 = 0. Let b = 203 - m. What is the remainder when b is divided by 1?
0
Let y(h) = -3*h**2 + 18*h + 55. Let v(f) = 2*f**2 - 19*f - 54. Let z(x) = 4*v(x) + 3*y(x). Calculate the remainder when z(-12) is divided by 5.
4
Let u = 5531 - 5515. Calculate the remainder when 271 is divided by u.
15
Suppose -252 = 17365*q - 17386*q. What is the remainder when 15993 is divided by q?
9
Let p = 5993 - 5936. What is the remainder when 115 is divided by p?
1
Calculate the remainder when 179 is divided by 10/6 - ((-1606)/66 - -6).
19
Let h = -6326 + 6403. Calculate the remainder when 315 is divided by h.
7
What is the remainder when 28/6*-4*12141/(-152) is divided by 494?
9
Let a be 5/(((-27)/(-6))/9). Suppose a*u = 7*u + 6. Let z(l) = 60*l + 6. Calculate the remainder when z(u) is divided by 32.
30
Suppose -3*v + 33 + 1051 = -j, 3*j = -4*v + 1415. Calculate the remainder when v is divided by 199.
160
Let t(z) = -z**3 - 16*z**2 + 12*z - 2. Let w(y) = -5*y**2 - 3*y + y + 157*y**3 - 3 - 156*y**3. What is the remainder when t(-17) is divided by w(6)?
20
Let a(w) be the second derivative of -w**4/12 - 9*w**3/2 + 11*w**2/2 - 6*w - 3. Calculate the remainder when 480 is divided by a(-26).
36
Suppose -f = 2*d - 572, -5*d - 2874 = -5*f - 8*d. Calculate the remainder when f is divided by 145.
141
Let a(i) = 261*i - 4867. What is the remainder when a(19) is divided by 62?
30
Let g(l) = 4*l**2 + 14*l + 8. Let a be g(-4). Let v = 2 - a. Let o = 53 + v. What is the remainder when o is divided by 6?
3
Let s = -252 - -274. Suppose -13*l + s*l - 684 = 0. Calculate the remainder when l is divided by 7.
6
Let p(c) = -3*c**2 - 13*c - 39. Let q(i) = 13*i**2 + 49*i + 154. Let s(f) = 9*p(f) + 2*q(f). What is the remainder when 112 is divided by s(-15)?
10
Suppose 94 - 4 = 3*s. Calculate the remainder when 24*5 - (2 - -3) is divided by s.
25
Let p = 32 + -31. Suppose 4*g = 3*g + p. Let l = 5 + g. Calculate the remainder when 83 is divided by l.
5
Let z(v) be the first derivative of -v**2 - 3*v + 42. Calculate the remainder when z(-6) is divided by 2.
1
Let n = -620 - -2423. Calculate the remainder when n is divided by 597.
12
Let k be 0 - (-5)/(-5) - -13. Let v be k/(-28) + 59/7. Suppose 3*s + 5*n - 99 = -v, -5*n = -25. What is the remainder when 62 is divided by s?
18
Let y(z) = 3*z**2 - 94*z - 726. Calculate the remainder when y(-9) is divided by 97.
72
Let h = 210 - 264. Calculate the remainder when ((-6)/3)/(h/11799) is divided by 21.
17
Let t be -9*(-1)/2*388/6. Suppose 6*s - 27 = t. Suppose -c + 36 = -s. Calculate the remainder when c is divided by 13.
11
Suppose -x + 3798 = -0*s - 5*s, -3*x = -s - 11352. What is the remainder when x/52 - (-3)/12 is divided by 27?
19
Suppose 53*k = 5*t + 54*k - 51, 5*t - 59 = k. What is the remainder when 1329 is divided by t?
9
Let x(n) = -n**2 + 28*n - 25. Let y be 1 + 5 - 4 - -19. What is the remainder when x(y) is divided by 9?
5
Let i(q) = q**3 - 17*q**2 - 42*q + 128. What is the remainder when i(19) is divided by 8?
4
Let j be ((-32)/(-6))/(8/36). Let f = -11 + j. Suppose 0 = 5*b + 4*l + 9 - 44, 2*b - 4*l = 14. What is the remainder when f is divided by b?
6
Suppose -5*c + 908 = -192. Suppose -14*b - 38 + c = 0. Calculate the remainder when 90 is divided by b.
12
Let i(m) = 6*m**2 + 32*m - 10. Let l be i(5). Suppose 12 = -18*x + l. What is the remainder when 19 is divided by x?
3
Suppose -2*q - 97 = -g - 394, q + 898 = -3*g. Let x = -292 - g. What is the remainder when 38 is divided by x?
3
Suppose -241 = -5*j + 2*s + 71, -4 = 4*s. Let c = j - 59. Let h = 13 - c. What is the remainder when 58 is divided by h?
8
Suppose -1